{"id":11,"date":"2015-06-18T08:09:16","date_gmt":"2015-06-18T05:09:16","guid":{"rendered":"http:\/\/sarts.ee\/?page_id=11"},"modified":"2022-09-10T19:15:22","modified_gmt":"2022-09-10T16:15:22","slug":"hinnakiri","status":"publish","type":"page","link":"http:\/\/www.sarts.ee\/?page_id=11","title":{"rendered":"Hinnakiri"},"content":{"rendered":"<p><strong>Hinnakiri tehnika rendile:<\/strong><\/p>\n<p>Mehhanismidega pakutavate teenuste hinnad:<\/p>\n<table style=\"height: 273px;\" border=\"0\" width=\"571\">\n<tbody>\n<tr>\n<td><strong>Mehhanismid (koos juhiga)<\/strong><\/td>\n<td>Tunnitasu \u20ac\/h<\/td>\n<td>S\u00f5idutasu \u20ac\/km<\/td>\n<\/tr>\n<tr>\n<td>Korvt\u00f5stuk MB709 Bronto L8-2T1<\/td>\n<td><\/td>\n<td><\/td>\n<\/tr>\n<tr>\n<td>Korvt\u00f5stuk GAZ-53-12 AP17A<\/td>\n<td><\/td>\n<td><\/td>\n<\/tr>\n<tr>\n<td>Korvt\u00f5stuk GAZ-53A AGP18<\/td>\n<td><\/td>\n<td><\/td>\n<\/tr>\n<tr>\n<td>Autopuur GAZ-3307<\/td>\n<td><\/td>\n<td><\/td>\n<\/tr>\n<tr>\n<td>Kallur-kraana MAN TGM 13.240 4&#215;4<\/td>\n<td><\/td>\n<td><\/td>\n<\/tr>\n<tr>\n<td>Ekskavaator-laadur Volvo BL71 PLUS<\/td>\n<td><\/td>\n<td><\/td>\n<\/tr>\n<tr>\n<td>Miniekskavaator Volvo EC15B + transport<\/td>\n<td><\/td>\n<td><\/td>\n<\/tr>\n<tr>\n<td>H\u00fcdrauniline roomikekskavaator Caterpillari 312DL + treilerivedu<\/td>\n<td><\/td>\n<td><\/td>\n<\/tr>\n<\/tbody>\n<\/table>\n<p><strong>Hindadele lisandub k\u00e4ibemaks.<\/strong><\/p>\n<p>NB! Elektrit\u00f6\u00f6de, elektripaigaldise k\u00e4idu, elektriprojekteerimist\u00f6\u00f6de ja puude\/okste l\u00f5ikamiste ning piiramiste hinnad s\u00f5ltuvad t\u00f6\u00f6de mahust ja lepitakse kliendiga eraldi kokku.<\/p>\n<p>Teostatud t\u00f6\u00f6dele on garantii 2 aastat.<\/p>\n","protected":false},"excerpt":{"rendered":"<p>Hinnakiri tehnika rendile: Mehhanismidega pakutavate teenuste hinnad: Mehhanismid (koos juhiga) Tunnitasu \u20ac\/h S\u00f5idutasu \u20ac\/km Korvt\u00f5stuk MB709 Bronto L8-2T1 Korvt\u00f5stuk GAZ-53-12 AP17A Korvt\u00f5stuk GAZ-53A AGP18 Autopuur GAZ-3307 Kallur-kraana MAN TGM 13.240 4&#215;4 Ekskavaator-laadur Volvo BL71 PLUS Miniekskavaator Volvo EC15B + transport H\u00fcdrauniline roomikekskavaator Caterpillari 312DL + treilerivedu Hindadele lisandub k\u00e4ibemaks. NB! Elektrit\u00f6\u00f6de, elektripaigaldise k\u00e4idu, elektriprojekteerimist\u00f6\u00f6de ja [&hellip;]<\/p>\n","protected":false},"author":1,"featured_media":0,"parent":0,"menu_order":0,"comment_status":"closed","ping_status":"closed","template":"","meta":{"footnotes":""},"class_list":["post-11","page","type-page","status-publish","hentry"],"_links":{"self":[{"href":"http:\/\/www.sarts.ee\/index.php?rest_route=\/wp\/v2\/pages\/11","targetHints":{"allow":["GET"]}}],"collection":[{"href":"http:\/\/www.sarts.ee\/index.php?rest_route=\/wp\/v2\/pages"}],"about":[{"href":"http:\/\/www.sarts.ee\/index.php?rest_route=\/wp\/v2\/types\/page"}],"author":[{"embeddable":true,"href":"http:\/\/www.sarts.ee\/index.php?rest_route=\/wp\/v2\/users\/1"}],"replies":[{"embeddable":true,"href":"http:\/\/www.sarts.ee\/index.php?rest_route=%2Fwp%2Fv2%2Fcomments&post=11"}],"version-history":[{"count":4,"href":"http:\/\/www.sarts.ee\/index.php?rest_route=\/wp\/v2\/pages\/11\/revisions"}],"predecessor-version":[{"id":67,"href":"http:\/\/www.sarts.ee\/index.php?rest_route=\/wp\/v2\/pages\/11\/revisions\/67"}],"wp:attachment":[{"href":"http:\/\/www.sarts.ee\/index.php?rest_route=%2Fwp%2Fv2%2Fmedia&parent=11"}],"curies":[{"name":"wp","href":"https:\/\/api.w.org\/{rel}","templated":true}]}}