{"id":18,"date":"2015-09-04T09:05:07","date_gmt":"2015-09-04T06:05:07","guid":{"rendered":"http:\/\/sarts.ee\/?page_id=18"},"modified":"2023-04-10T22:00:58","modified_gmt":"2023-04-10T19:00:58","slug":"kontaktid","status":"publish","type":"page","link":"http:\/\/www.sarts.ee\/?page_id=18","title":{"rendered":"Kontaktid"},"content":{"rendered":"<p>Kontaktid:<\/p>\n<table style=\"height: 164px;\" width=\"655\">\n<tbody>\n<tr>\n<td width=\"113\"><a href=\"mailto:enno@sarts.ee\">Enno V\u00e4hk<\/a><\/td>\n<td width=\"265\">\u00a0 Tegevjuht, tehnika<\/td>\n<td width=\"107\">\u00a0+372 509 2769<\/td>\n<\/tr>\n<tr>\n<td><a href=\"mailto:sarts@sarts.ee\">Tiiu Hiiemaa<\/a><\/td>\n<td>\u00a0 Sekret\u00e4r<\/td>\n<td>\u00a0+372 715 0716<\/td>\n<\/tr>\n<tr>\n<td><a href=\"mailto:tarvo@sarts.ee\">Tarvo Puusepp<\/a><\/td>\n<td>\u00a0 Projektijuht, v\u00e4liselektrit\u00f6\u00f6d, tehnika<\/td>\n<td>\u00a0+372 5330 6556<\/td>\n<\/tr>\n<tr>\n<td><a href=\"mailto:margus@sarts.ee\">Margus Hiiemaa<\/a><\/td>\n<td>\u00a0 K\u00e4idukorraldaja, elektripaigaldiste k\u00e4it\u00a0\u00a0<\/td>\n<td>\u00a0+372 5326 8757<\/td>\n<\/tr>\n<tr>\n<td><a href=\"mailto:kylli.eisan@gmail.com\">K\u00fclli Eisan<\/a><\/td>\n<td>\u00a0 Raamatupidamine<\/td>\n<td>\u00a0+372 5667 0303<\/td>\n<\/tr>\n<\/tbody>\n<\/table>\n\n\n<p><\/p>\n","protected":false},"excerpt":{"rendered":"<p>Kontaktid: Enno V\u00e4hk \u00a0 Tegevjuht, tehnika \u00a0+372 509 2769 Tiiu Hiiemaa \u00a0 Sekret\u00e4r \u00a0+372 715 0716 Tarvo Puusepp \u00a0 Projektijuht, v\u00e4liselektrit\u00f6\u00f6d, tehnika \u00a0+372 5330 6556 Margus Hiiemaa \u00a0 K\u00e4idukorraldaja, elektripaigaldiste k\u00e4it\u00a0\u00a0 \u00a0+372 5326 8757 K\u00fclli Eisan \u00a0 Raamatupidamine \u00a0+372 5667 0303<\/p>\n","protected":false},"author":1,"featured_media":0,"parent":0,"menu_order":0,"comment_status":"closed","ping_status":"closed","template":"","meta":{"footnotes":""},"class_list":["post-18","page","type-page","status-publish","hentry"],"_links":{"self":[{"href":"http:\/\/www.sarts.ee\/index.php?rest_route=\/wp\/v2\/pages\/18","targetHints":{"allow":["GET"]}}],"collection":[{"href":"http:\/\/www.sarts.ee\/index.php?rest_route=\/wp\/v2\/pages"}],"about":[{"href":"http:\/\/www.sarts.ee\/index.php?rest_route=\/wp\/v2\/types\/page"}],"author":[{"embeddable":true,"href":"http:\/\/www.sarts.ee\/index.php?rest_route=\/wp\/v2\/users\/1"}],"replies":[{"embeddable":true,"href":"http:\/\/www.sarts.ee\/index.php?rest_route=%2Fwp%2Fv2%2Fcomments&post=18"}],"version-history":[{"count":5,"href":"http:\/\/www.sarts.ee\/index.php?rest_route=\/wp\/v2\/pages\/18\/revisions"}],"predecessor-version":[{"id":73,"href":"http:\/\/www.sarts.ee\/index.php?rest_route=\/wp\/v2\/pages\/18\/revisions\/73"}],"wp:attachment":[{"href":"http:\/\/www.sarts.ee\/index.php?rest_route=%2Fwp%2Fv2%2Fmedia&parent=18"}],"curies":[{"name":"wp","href":"https:\/\/api.w.org\/{rel}","templated":true}]}}