{"id":8,"date":"2015-06-18T08:08:07","date_gmt":"2015-06-18T05:08:07","guid":{"rendered":"http:\/\/sarts.ee\/?page_id=8"},"modified":"2018-08-02T23:34:48","modified_gmt":"2018-08-02T20:34:48","slug":"teenused","status":"publish","type":"page","link":"http:\/\/www.sarts.ee\/?page_id=8","title":{"rendered":"Teenused"},"content":{"rendered":"<p><strong>Oleme jaganud oma tegevusalad p\u00f5hi- ja lisategevusaladeks aga <\/strong><\/p>\n<p><strong>samas on need teineteisega tihedalt seotud. \u00a0<\/strong><\/p>\n<p>&nbsp;<\/p>\n<p><strong>P\u00f5hitegevusalad jagunevad:<\/strong><\/p>\n<p>Elektrit\u00f6\u00f6d (sise- ja v\u00e4list\u00f6\u00f6d)<br \/>\nElektripagaldise k\u00e4it<br \/>\nElektri- ja valgusm\u00f5\u00f5tmised<br \/>\nElektriprojekteerimist\u00f6\u00f6d<\/p>\n<p><strong>Lisategevusalad jagunevad:<\/strong><\/p>\n<p>Korvt\u00f5stukit\u00f6\u00f6d (autot\u00f6stukid)<br \/>\nKaevet\u00f6\u00f6d (ekskavaatorid, traktorfrees)<br \/>\nPuurimist\u00f6\u00f6d (autopuur)<br \/>\nVeoteenused (kallur-kraana)<\/p>\n<p><strong>Hinnapakkumiste ja info k\u00fcsimine tegevuaslade j\u00e4rgi vt. kontaktid<\/strong><\/p>\n","protected":false},"excerpt":{"rendered":"<p>Oleme jaganud oma tegevusalad p\u00f5hi- ja lisategevusaladeks aga samas on need teineteisega tihedalt seotud. \u00a0 &nbsp; P\u00f5hitegevusalad jagunevad: Elektrit\u00f6\u00f6d (sise- ja v\u00e4list\u00f6\u00f6d) Elektripagaldise k\u00e4it Elektri- ja valgusm\u00f5\u00f5tmised Elektriprojekteerimist\u00f6\u00f6d Lisategevusalad jagunevad: Korvt\u00f5stukit\u00f6\u00f6d (autot\u00f6stukid) Kaevet\u00f6\u00f6d (ekskavaatorid, traktorfrees) Puurimist\u00f6\u00f6d (autopuur) Veoteenused (kallur-kraana) Hinnapakkumiste ja info k\u00fcsimine tegevuaslade j\u00e4rgi vt. kontaktid<\/p>\n","protected":false},"author":1,"featured_media":0,"parent":0,"menu_order":0,"comment_status":"closed","ping_status":"closed","template":"","meta":{"footnotes":""},"class_list":["post-8","page","type-page","status-publish","hentry"],"_links":{"self":[{"href":"http:\/\/www.sarts.ee\/index.php?rest_route=\/wp\/v2\/pages\/8","targetHints":{"allow":["GET"]}}],"collection":[{"href":"http:\/\/www.sarts.ee\/index.php?rest_route=\/wp\/v2\/pages"}],"about":[{"href":"http:\/\/www.sarts.ee\/index.php?rest_route=\/wp\/v2\/types\/page"}],"author":[{"embeddable":true,"href":"http:\/\/www.sarts.ee\/index.php?rest_route=\/wp\/v2\/users\/1"}],"replies":[{"embeddable":true,"href":"http:\/\/www.sarts.ee\/index.php?rest_route=%2Fwp%2Fv2%2Fcomments&post=8"}],"version-history":[{"count":4,"href":"http:\/\/www.sarts.ee\/index.php?rest_route=\/wp\/v2\/pages\/8\/revisions"}],"predecessor-version":[{"id":49,"href":"http:\/\/www.sarts.ee\/index.php?rest_route=\/wp\/v2\/pages\/8\/revisions\/49"}],"wp:attachment":[{"href":"http:\/\/www.sarts.ee\/index.php?rest_route=%2Fwp%2Fv2%2Fmedia&parent=8"}],"curies":[{"name":"wp","href":"https:\/\/api.w.org\/{rel}","templated":true}]}}