{"id":2,"date":"2015-05-21T08:58:52","date_gmt":"2015-05-21T05:58:52","guid":{"rendered":"http:\/\/sarts.ee\/?page_id=2"},"modified":"2015-09-14T21:49:22","modified_gmt":"2015-09-14T18:49:22","slug":"demoleht","status":"publish","type":"page","link":"https:\/\/www.sarts.ee\/","title":{"rendered":"Esileht"},"content":{"rendered":"<p style=\"text-align: left;\"><strong>Kui elektris\u00fcsteem vajab korrastamist v\u00f5i elektrit\u00f6\u00f6 tegemist, <\/strong><\/p>\n<p style=\"text-align: left;\"><strong>siis S\u00c4RTS O\u00dc aitab n\u00f5u ja j\u00f5uga!<\/strong><\/p>\n<p>&nbsp;<\/p>\n<p><strong>P\u00f5hitegevusalad on:<\/strong><\/p>\n<p>Elektrit\u00f6\u00f6d (sise- ja v\u00e4list\u00f6\u00f6d)<br \/>\nElektripaigaldise k\u00e4it<br \/>\nElektri- ja valgusm\u00f5\u00f5tmised<br \/>\nElektriprojekteerimist\u00f6\u00f6d<\/p>\n<p><strong>Lisategevusalad on:<\/strong><\/p>\n<p>Korvt\u00f5stukit\u00f6\u00f6d (autot\u00f5stukid)<br \/>\nKaevet\u00f6\u00f6d (ekskavaatorid, traktorfrees)<br \/>\nPuurimist\u00f6\u00f6d (autopuur)<br \/>\nVeoteenused (kallur-kraana)<\/p>\n<p>Tegevusaladest l\u00e4hemalt vt. <a href=\"http:\/\/sarts.ee\/teenused\/\">Teenused<\/a><\/p>\n<p><strong>Ettev\u00f5ttest<\/strong><br \/>\nMeie ettev\u00f5te on asutatud aastal 2000 L\u00e4\u00e4ne-Virumaal Tapa linnas, mis omab \u00f5igust elektrit\u00f6\u00f6de teostamiseks A- ja B-klassi p\u00e4devuspiirkonnas. Ettev\u00f5ttes t\u00f6\u00f6tab 20 inimest.<\/p>\n<p><strong>Eesm\u00e4rgist<\/strong><br \/>\nMeie eesm\u00e4rgiks on oma praegustele ja tulevastele klientidele pakkuda p\u00fcsivaid ja kvaliteetseid elektripaigaldisi, mis vastaksid kaasaegsetele n\u00f5uetele ning millega oleks tagatud ohutus elektripaigaldise kasutajale ja keskkonnale.<br \/>\nHoiame end turul tegevusaladest tulenevate kvaliteetsete teenuste pakkumisega ja t\u00e4htaegselt teostatud t\u00f6\u00f6dega.<\/p>\n<p>Meie klientideks on ettev\u00f5tted ja eraisikud kui ka omavalitsused ning asutused.<\/p>\n<p>T\u00f6id teostame \u00fcle Eesti! Telli elektrit\u00f6\u00f6d ja teenused meilt! <a href=\"http:\/\/sarts.ee\/kontaktid\/\">Kontaktid<\/a><\/p>\n<p><strong>Meeldivat koost\u00f6\u00f6d!<\/strong><\/p>\n","protected":false},"excerpt":{"rendered":"<p>Kui elektris\u00fcsteem vajab korrastamist v\u00f5i elektrit\u00f6\u00f6 tegemist, siis S\u00c4RTS O\u00dc aitab n\u00f5u ja j\u00f5uga! &nbsp; P\u00f5hitegevusalad on: Elektrit\u00f6\u00f6d (sise- ja v\u00e4list\u00f6\u00f6d) Elektripaigaldise k\u00e4it Elektri- ja valgusm\u00f5\u00f5tmised Elektriprojekteerimist\u00f6\u00f6d Lisategevusalad on: Korvt\u00f5stukit\u00f6\u00f6d (autot\u00f5stukid) Kaevet\u00f6\u00f6d (ekskavaatorid, traktorfrees) Puurimist\u00f6\u00f6d (autopuur) Veoteenused (kallur-kraana) Tegevusaladest l\u00e4hemalt vt. Teenused Ettev\u00f5ttest Meie ettev\u00f5te on asutatud aastal 2000 L\u00e4\u00e4ne-Virumaal Tapa linnas, mis omab \u00f5igust [&hellip;]<\/p>\n","protected":false},"author":1,"featured_media":53,"parent":0,"menu_order":0,"comment_status":"closed","ping_status":"closed","template":"page-blog.php","meta":{"footnotes":""},"class_list":["post-2","page","type-page","status-publish","has-post-thumbnail","hentry"],"_links":{"self":[{"href":"https:\/\/www.sarts.ee\/index.php?rest_route=\/wp\/v2\/pages\/2","targetHints":{"allow":["GET"]}}],"collection":[{"href":"https:\/\/www.sarts.ee\/index.php?rest_route=\/wp\/v2\/pages"}],"about":[{"href":"https:\/\/www.sarts.ee\/index.php?rest_route=\/wp\/v2\/types\/page"}],"author":[{"embeddable":true,"href":"https:\/\/www.sarts.ee\/index.php?rest_route=\/wp\/v2\/users\/1"}],"replies":[{"embeddable":true,"href":"https:\/\/www.sarts.ee\/index.php?rest_route=%2Fwp%2Fv2%2Fcomments&post=2"}],"version-history":[{"count":4,"href":"https:\/\/www.sarts.ee\/index.php?rest_route=\/wp\/v2\/pages\/2\/revisions"}],"predecessor-version":[{"id":54,"href":"https:\/\/www.sarts.ee\/index.php?rest_route=\/wp\/v2\/pages\/2\/revisions\/54"}],"wp:featuredmedia":[{"embeddable":true,"href":"https:\/\/www.sarts.ee\/index.php?rest_route=\/wp\/v2\/media\/53"}],"wp:attachment":[{"href":"https:\/\/www.sarts.ee\/index.php?rest_route=%2Fwp%2Fv2%2Fmedia&parent=2"}],"curies":[{"name":"wp","href":"https:\/\/api.w.org\/{rel}","templated":true}]}}